ate o(-6).
-14
Let y(a) = -29*a**2 - 123*a - 125. Give y(-1).
-31
Let g(r) = -23*r**2 - 273*r + 13. Calculate g(-12).
-23
Let y(q) = -q**3 - 26*q - 28. What is y(0)?
-28
Let n(d) = -83*d + 6308. What is n(76)?
0
Let j(x) = -2783*x - 5565. Determine j(-2).
1
Let v(b) = -162*b - 510. What is v(-3)?
-24
Let x(l) = -3*l**2 + 134*l - 351. What is x(42)?
-15
Let k(t) = t**2 - 36*t + 101. What is k(33)?
2
Let q(o) = -4*o**3 - 13*o**2 - 10*o + 35. Determine q(3).
-220
Let m(b) = -b**3 - 46*b**2 - 204*b + 10. Give m(-41).
-31
Let t(q) = 46*q + 350. Determine t(-11).
-156
Let h(j) = 6*j**2 - 146*j - 8. Determine h(24).
-56
Let i(q) = q**3 + 7*q**2 + 5*q - 2. Give i(-4).
26
Let k(d) = 3*d**3 - 65*d**2 + 27*d + 234. Determine k(21).
-81
Let r(w) = -462*w**2 - 12*w - 12. Give r(-1).
-462
Let z(m) = -m**3 + 51*m**2 - 104*m + 6. Give z(2).
-6
Let q(f) = -f**2 + 9*f + 28. What is q(-4)?
-24
Let q(b) = 23*b**2 + 257*b + 45. Calculate q(-11).
1
Let y(h) = -1502*h + 9005. What is y(6)?
-7
Let l(p) = 24*p + 288. Give l(-17).
-120
Let j(i) = 97*i**3 + 4*i**2 + 26*i + 20. Calculate j(-1).
-99
Let b(f) = 1330*f - 11972. What is b(9)?
-2
Let b(n) = -n**3 + 7*n**2 + 2. Give b(0).
2
Let o(t) = t**3 - 34*t**2 + 24*t + 292. Determine o(33).
-5
Let p(s) = -s**3 - 35*s**2 + 118*s + 135. What is p(-38)?
-17
Let i(j) = -3*j + 142. What is i(11)?
109
Let h(r) = -2*r**3 - 13*r**2 + 46*r + 288. Determine h(-5).
-17
Let o(w) = -2*w**2 + 168*w + 1473. Give o(92).
1
Let j(o) = 60*o + 3. What is j(2)?
123
Let u(b) = 4463*b + 13381. Calculate u(-3).
-8
Let t(x) = 4*x**3 + 172*x**2 + 180*x + 506. Determine t(-42).
2
Let r(v) = 43*v - 153. Determine r(3).
-24
Let o(k) = 2*k**3 + 13*k**2 + 34*k + 191. Calculate o(-6).
23
Let x(y) = -3*y**2 + 7*y + 96. Give x(7).
-2
Let l(r) = -25*r - 144. What is l(0)?
-144
Let q(c) = c**2 + 473*c + 44822. Determine q(-131).
20
Let b(w) = w**2 + 118*w + 1195. Calculate b(-11).
18
Let o(j) = 2*j**2 - j - 21. Calculate o(8).
99
Let i(r) = r**3 + 14*r**2 + 23*r + 184. Determine i(-13).
54
Let k(p) = p**3 - 3*p**2 - 52*p + 18. Give k(-5).
78
Let k(m) = -2448*m + 4896. Give k(2).
0
Let u(a) = -a**2 + 9*a + 1. What is u(8)?
9
Let v(a) = -2*a**2 + 34*a - 68. What is v(18)?
-104
Let c(f) = 74*f - 710. Determine c(11).
104
Let l(v) = 241*v**2 + 1690*v + 9. Calculate l(-7).
-12
Let x(v) = v**3 - 37*v**2 - 69*v - 127. Give x(39).
224
Let p(g) = -33*g - 277. Give p(-10).
53
Let s(l) = 8*l + 10. Determine s(2).
26
Let d(f) = -8*f**3 - 5*f**2 + 23*f + 6. Calculate d(2).
-32
Let b(r) = 953*r + 954. Calculate b(-1).
1
Let t(x) = x**3 - 108*x**2 + 15*x - 1629. Determine t(108).
-9
Let m(c) = 31*c**3 + c**2 - 19*c - 21. Give m(-1).
-32
Let h(f) = 26*f**3 + 122*f**2 - 28*f - 61. Give h(-5).
-121
Let u(g) = -523*g + 67994. What is u(130)?
4
Let u(h) = 9*h**2 + 43*h + 416. Calculate u(-10).
886
Let z(k) = -k**3 - 3*k**2 + 2*k - 1. Determine z(-2).
-9
Let q(s) = -37*s + 179. Determine q(7).
-80
Let c(x) = 12*x + 78. What is c(-8)?
-18
Let o(f) = -f**3 - 30*f**2 + 65*f - 53. What is o(-32)?
-85
Let h(p) = 66*p**2 - 2970*p + 42. What is h(45)?
42
Let u(b) = -14*b + 29. Give u(8).
-83
Let n(a) = -18*a**2 + 457*a + 915. Determine n(-2).
-71
Let a(x) = -287*x**3 + 4*x**2 - 5*x + 1. Give a(1).
-287
Let p(o) = -10*o - 5. What is p(-15)?
145
Let d(j) = -j**2 - 18*j - 56. Calculate d(-10).
24
Let m(c) = c**3 + 4*c**2 + 7*c - 3. Give m(-5).
-63
Let i(j) = -j**2 + 11*j - 29. Determine i(9).
-11
Let k(u) = -3*u**2 - 18*u - 13. What is k(0)?
-13
Let o(c) = -5*c**3 - 6*c**2 + 7*c - 10. Calculate o(4).
-398
Let v(h) = -4*h**2 - 483*h - 2209. Determine v(-116).
-5
Let p(b) = b**3 + 30*b**2 + 99*b - 129. Calculate p(-26).
1
Let d(o) = -o**2 - 86*o - 160. Calculate d(-2).
8
Let x(z) = -z**2 - 197*z - 1140. Calculate x(-6).
6
Let r(z) = -z**2 - 7*z + 96. Determine r(13).
-164
Let y(b) = -b**3 + 7*b**2 + 5*b - 30. Calculate y(9).
-147
Let c(s) = s**2 + 21*s - 100. What is c(-22)?
-78
Let p(n) = 420*n + 535. Determine p(-2).
-305
Let i(m) = 21820*m + 152760. Calculate i(-7).
20
Let t(s) = 4532*s - 4540. Calculate t(1).
-8
Let i(m) = 2*m**3 + 12*m**2 + 17*m + 8. Give i(-6).
-94
Let k(r) = -2*r**2 + 24*r - 169. Determine k(14).
-225
Let o(w) = 3*w**3 - 4*w**2 - 10*w + 14. Calculate o(2).
2
Let i(k) = 202*k + 2621. What is i(-13)?
-5
Let l(y) = 4*y**3 + 2*y**2 + 51*y - 51. What is l(1)?
6
Let g(m) = -m**3 + 40*m**2 + 441*m - 4. What is g(49)?
-4
Let a(r) = 30*r + 454. Calculate a(-18).
-86
Let v(y) = 3*y**3 + 3*y**2 + 13*y + 17. Calculate v(-2).
-21
Let z(m) = 1199*m + 1193. Calculate z(-1).
-6
Let b(v) = -v**2 - 29*v - 34. Give b(-28).
-6
Let u(m) = -3*m**3 - 22*m**2 - 3*m - 34. Calculate u(-8).
118
Let d(n) = -676*n - 2035. Give d(-3).
-7
Let y(o) = 99*o + 212. Give y(-3).
-85
Let j(g) = 3*g + 175. Calculate j(-8).
151
Let u(v) = 41*v - 202. Give u(6).
44
Let k(l) = 537*l + 3036. What is k(-6)?
-186
Let k(q) = -26*q**3 + 131*q**2 - 15*q + 45. Give k(5).
-5
Let n(w) = 51*w**2 - 13*w + 12. Calculate n(1).
50
Let i(x) = x**3 - 44*x**2 - 49*x + 30. Determine i(45).
-150
Let b(w) = -1285*w - 20553. Determine b(-16).
7
Let u(b) = -304*b - 21013. Calculate u(-69).
-37
Let k(u) = 18*u + 398. Determine k(-23).
-16
Let r(y) = -y**3 - 2*y**2 + 15*y + 45. Determine r(7).
-291
Let a(c) = 21*c - 1546. What is a(76)?
50
Let y(x) = x**2 - 7*x + 17. Calculate y(6).
11
Let g(z) = 4*z**3 + 31*z**2 - 101*z - 733. Determine g(-8).
11
Let m(o) = -o**3 + 4*o**2 - 11*o + 8. Calculate m(6).
-130
Let b(p) = 62*p + 132. Determine b(-2).
8
Let n(a) = -a**3 + 57*a**2 - 112*a + 119. Give n(55).
9
Let t(z) = -4*z**3 + 50*z**2 - 25*z + 3. Calculate t(12).
-9
Let u(m) = m**3 + 44*m**2 + 335*m - 143. Determine u(-34).
27
Let f(m) = 375*m**3 - 3*m**2 - m + 4. What is f(1)?
375
Let h(c) = -c**2 + 36*c + 817. Give h(49).
180
Let t(s) = -208*s + 1260. What is t(6)?
12
Let h(q) = 796*q + 246. What is h(-1)?
-550
Let m(u) = -3*u**2 + 61*u - 112. Give m(0).
-112
Let q(j) = j**2 - 119*j - 3438. Determine q(-24).
-6
Let o(w) = -w**3 - 56*w**2 + 66*w + 2. What is o(-57)?
-511
Let l(v) = -v**3 - 111*v**2 - 76*v + 3764. What is l(-110)?
24
Let n(o) = 2786*o - 27863. Give n(10).
-3
Let m(z) = -z**3 + 107*z**2 + 18*z - 1893. What is m(107)?
33
Let k(z) = -z**3 - z**2 + 19*z + 528. Give k(0).
528
Let q(u) = u**3 - 6*u**2 - 113*u + 11. Give q(14).
-3
Let t(n) = 500*n - 77503. What is t(155)?
-3
Let l(t) = -t**3 - 50*t**2 - 105*t - 24. Calculate l(-2).
-6
Let y(s) = s**3 - 9*s**2 - 59*s - 457. What is y(15)?
8
Let a(r) = r**3 + 27*r**2 - 60*r - 69. Calculate a(-29).
-11
Let g(c) = -c**3 + 30*c**2 - 37*c - 28. Calculate g(29).
-260
Let f(k) = -25*k + 158. Calculate f(20).
-342
Let y(o) = -2*o**2 + 2*o + 232. Determine y(-10).
12
Let l(i) = -2*i**2 + 70*i + 1112. What is l(-12)?
-16
Let c(n) = -n**3 + 10*n**2 + 26*n - 23. Calculate c(12).
1
Let z(w) = -w**2 - 271*w - 5925. Determine z(-24).
3
Let i(w) = 271*w - 281. What is i(1)?
-10
Let w(u) = -22*u + 713. Determine w(32).
9
Let p(o) = -325*o + 1617. Calculate p(5).
-8
Let m(p) = p**3 + 9*p**2 + 1093*p + 6483. Give m(-6).
33
Let v(a) = -a**3 + 32*a**2 - 33*a - 101. Determine v(31).
-163
Let o(h) = -h**3 + 17*h**2 + 35*h - 186. Determine o(19).
-243
Let x(j) = 20*j + 513. Determine x(-40).
-287
Let r(x) = 58*x - 6841. Give r(118).
3
Let g(t) = -t**3 - 2*t**2 + t - 282. What is g(0)?
-282
Let z(o) = -5*o**2 - 475*o - 466. Give z(-94).
4
Let d(m) = m**3 + 8*m**2 - 84. Determine d(-8).
-84
Let l(k) = -6*k - 199. Give l(-14).
-115
Let i(v) = v**3 + 15*v**2 + 19*v - 22. Determine i(-13).
69
Let m(p) = 4*p**2 + 108*p + 557. What is m(-20)?
-3
Let p(b) = 11216*b**2 - 134595*b + 30. Determine p(12).
-6
Let j(o) = o**3 + 14*o**2 + 11*o + 284. Give j(-14).
130
Let l(c) = -9*c**3 + 10*c**2 + 3*c + 5. Give l(-2).
111
Let i(w) = -w**2 + 43*w - 248. Determine i(7).
4
Let i(x) = -x**2 + 273*x + 13229. Calculate i(-42).
-1
Let y(h) = h**3 - 2*h**2 - 235*h + 1255. What is y(6)?
-11
Let l(o) = o**2 + 1594*o + 84636. What is l(-55)?
-9
Let v(f) = 3*f**2 + 160*f - 441. Determine v(-56).
7
Let r(s) = 2*s**3 + 74*s**2 + 70*s - 159. Determine r(-36).
-87
Let j(o) = -o**3 - 29*o**2 - 28*o + 14. Calculate j(-28).
14
Let o(b) = b**3 - 86*b**2 - 83*b - 267. Give o(87).
81
Let x(v) = 68*v - 320. Calculate x(5).
20
Let h